{"id":181,"date":"2018-12-05T13:56:53","date_gmt":"2018-12-05T13:56:53","guid":{"rendered":"http:\/\/aloeparknaivasha.com\/?page_id=181"},"modified":"2023-09-17T14:09:30","modified_gmt":"2023-09-17T11:09:30","slug":"tervetuloa-aloepark-hotelli-naivashaan-2","status":"publish","type":"page","link":"https:\/\/aloeparknaivasha.com\/index.php\/fi\/tervetuloa-aloepark-hotelli-naivashaan-2\/","title":{"rendered":"Tervetuloa Aloepark Hotelli Naivashaan!"},"content":{"rendered":"<p><strong>Tervetuloa Naivashalle!<\/strong><\/p>\n<p>El\u00e4v\u00e4inen, aito, v\u00e4rik\u00e4s kenialainen pikkukaupunki. Kaikki on k\u00e4velyet\u00e4isyydell\u00e4 ja paikalliset ovat avuliaita. \u2026tosin yksi huippuel\u00e4myksist\u00e4 lomallasi saattaa my\u00f6s olla paikallisen mopotaksin k\u00e4ytt\u00f6.<\/p>\n<p>L\u00e4hiymp\u00e4rist\u00f6 tarjoaa monia aktiviteetteja; patikointretket Mount Longonotille ja Mount Suswalle \u2013 huikeat maisemat ovat vailla vertaansa. Veneretket Naivashaj\u00e4rvelle tuovat monipuolisen linnuston l\u00e4helle \u2013 Keniassahan on tehty lintubongauksen maailmanenn\u00e4tys per vuorokausi! Naivashaj\u00e4rvi on IBA (Important Bird Area), v\u00e4rikk\u00e4\u00e4n linnuston lis\u00e4ksi p\u00e4\u00e4see ihmettelem\u00e4\u00e4n seeproja, kirahveja, erilaisia antilooppeja l\u00e4hiet\u00e4isyydelt\u00e4, sek\u00e4 virtahepoja.<\/p>\n<p>Ratsastus kirahvien ja antilooppien keskell\u00e4 on mieleenpainuva el\u00e4mys.<br \/>\nHell&#8217;s Gaten kansallispuistossa p\u00e4\u00e4see py\u00f6r\u00e4ilem\u00e4\u00e4n ja uimaan maal\u00e4mm\u00f6n kuumentamassa luonnonvesialtaassa.<\/p>\n<p>Golfin yst\u00e4ville l\u00e4heinen 18-reik\u00e4inen <a href=\"https:\/\/www.heritage-eastafrica.com\/greatriftvalleylodgeandgolfresort\/golf\">tasokas golfkentt\u00e4<\/a> tuo varmasti haastetta peliin. Matkaa sinne on noin 20 autokyytiminuuttia.<\/p>\n<p>Ehk\u00e4 yksi huippuel\u00e4myksist\u00e4 on vain 20 minuutin k\u00e4velymatkan p\u00e4\u00e4ss\u00e4 sijaitseva Kenya Wildlife Servicen omistama pieni Hippo Camp \u2013 suojelualue. Viel\u00e4kin l\u00e4hemp\u00e4\u00e4 rauhallisia el\u00e4imi\u00e4 voi katsella Sanctuary Farmilla, lyhyen 6km.n taksimatkan p\u00e4\u00e4ss\u00e4. Villiel\u00e4inten katselu jalan antaa todella erilaisen perspektiivin luontoon \u2013 viisimetrinen kirahvi l\u00e4hiet\u00e4isyydelt\u00e4 j\u00e4\u00e4 i\u00e4ksi mieleen. Aamiaispaketti ja kahvitermos mukana puistossa kuluu helposti puoli p\u00e4iv\u00e4\u00e4.<\/p>\n<p><strong>Miksi Aloepark -hotelliin?<\/strong><\/p>\n<p>Lakeview\u2019in kaupunginosa tunnetaan Naivashan \u201dBeverly Hillsin\u00e4\u201d \u2013 asukkaat ovat keskitasoa paremmin toimeentulevia. Heill\u00e4kin on omat p\u00e4ivitt\u00e4iset askareensa ja monet pit\u00e4v\u00e4t vuohia, lampaita, kanoja ja muita kotiel\u00e4imi\u00e4 ja viljelev\u00e4t pikku maatilkkuja tonteillaan saadakseen tuoretta sy\u00f6t\u00e4v\u00e4\u00e4 ja levent\u00e4\u00e4kseen hieman leip\u00e4\u00e4ns\u00e4. Naivashan keskusta on hektinen ja ajoittain p\u00f6lyinen, ja majoitus vehre\u00e4ll\u00e4 ja rauhallisella Lakeviewin alueella on rentouttavaa, kuitenkin k\u00e4velymatkan p\u00e4\u00e4ss\u00e4 kaikista palveluista. My\u00f6s Aloeparkissa on muutama onnellisina pihaa ruopsuttavaa kanaa, joiden munia on aamiasp\u00f6yd\u00e4ss\u00e4, sek\u00e4 koira ja tienposkesta pentuna pelastettu kissa. El\u00e4insuojelukeskuksen kanit ovat nekin saaneet kodin Aloeparkissa.<\/p>\n<p><span style=\"font-size: revert; color: initial;\">T\u00e4rkeint\u00e4 toiminnassa on tukea paikallisia pienyritt\u00e4ji\u00e4. Kaikki huonekalut ja sisustuselementit on ostettu ja\/tai teetetty paikallisilla k\u00e4sity\u00f6l\u00e4isill\u00e4, samoin kuin tekstiilit ovat suurimmaksi osaksi Keniasta tai eri puolilta Afrikkaa. Hedelm\u00e4- ja vihanneshankinnoissa suosimme pieni\u00e4 myyji\u00e4 markkinoilla, liha ja kala sen sijaan on oltava varmasti laatutarkistettua ja hygieenist\u00e4 &#8211; sen takia ne ostamme suuremmilta tuottajilta.<\/span><\/p>\n<p>Aloepark rakastaa kierr\u00e4tyst\u00e4! Hedelm\u00e4- ja vihannest\u00e4hteet sek\u00e4 kuoret menev\u00e4t naapurin vuohille, lampaille ja lehmille, ja tietysti kanoille ja kaneille.\u00a0 Lakanat ja pyyhkeet \u2013 sitten kun eiv\u00e4t ole en\u00e4\u00e4 hotellikelpoisia &#8211; lahjoitetaan Loving Hands -orpokodille ja Naivashan esikoulun tarvitseville perheille. Tyhj\u00e4t siistit ja korkilliset muovipullot menev\u00e4t l\u00e4himarkettiin, jossa pesun j\u00e4lkeen niiss\u00e4 myyd\u00e4\u00e4n irtomaitoa.<\/p>\n<p>Suihkuvesi l\u00e4mpi\u00e4\u00e4 aurinkopaneeleilla.<br \/>\nPyrimme my\u00f6s v\u00e4hent\u00e4m\u00e4\u00e4n muovij\u00e4tett\u00e4: siksi saapuessa huoneesi vesi on kannussa (10 litran vesipulloista) ja aamiaisjogurtti tarjoillaan kulhoista, litran pahvipurkeissa ostettuna.<\/p>\n<p><strong>Huoneet:<\/strong><br \/>\nKahden hengen huoneita on sek\u00e4 erillisill\u00e4 ett\u00e4 parivuoteella, kaikissa on oma kylpyhuone.<br \/>\nHuoneistossa on parivuode makuuhuoneessa, sohvasta sijattava vuode olohuoneessa ja keitti\u00f6 ja kylpyhuone. Tilavimmassa huoneessa on parivuode ja parvi jonne sopii pari aikuista tai 3-4 lasta.<br \/>\nHuonehinnoissa on sesonkivaihtelua sek\u00e4 alennusta pidemm\u00e4st\u00e4 oleskelusta, hinta vahvistetaan varattaessa.<br \/>\nNoin -hinnat ovat 35\u20ac\/henkil\u00f6\/y\u00f6 aamiaisella kahden hengen huoneissa.<br \/>\nHotellissa (my\u00f6s huoneissa) toimii maksuton wifi.<br \/>\nMaksuv\u00e4linein\u00e4 k\u00e4yv\u00e4t Kenian shillingit, eurot, US-dollarit sek\u00e4 VISA\/Mastercard -kortit.<br \/>\nRavintolamme tarjoilee tilauksesta puolihoitoaterioita ja ruokalistallamme on sek\u00e4 kenialaisia vaihtoehtoja ett\u00e4 kansainv\u00e4list\u00e4 ruokaa \u2013 taatusti luomua ja l\u00e4hiruokaa!<\/p>\n<p>J\u00e4rjest\u00e4mme erilaisia retki\u00e4 ja safareita toiveiden mukaan.<\/p>\n<p>Veneretki Naivasha -j\u00e4rvelle (hinta riippuu osanottajam\u00e4\u00e4r\u00e4st\u00e4 veneess\u00e4) n. 30\u20ac<\/p>\n<ul>\n<li>Patikointi Longonot \u2013 tai Suswa -vuorelle (harvinainen tuplakraateri eli kaksi kraateria sis\u00e4kk\u00e4in)<\/li>\n<li>K\u00e4velysafari Sanctuary Farmilla tai Crescent Islandilla<\/li>\n<li>Hevosratsastusta villiel\u00e4inten keskelle<\/li>\n<li>Py\u00f6r\u00e4ily\u00e4 Hell&#8217;s Gaten kansallispuistossa ja rentoutumista Geothermal Spa-kylpyl\u00e4ss\u00e4<\/li>\n<li>Vierailu Limurun teefarmille noin 35\u20ac + kuljetukset<\/li>\n<li>P\u00e4iv\u00e4retki (tai y\u00f6pymisen kanssa) Nakuruj\u00e4rven kansallispuistoon noin 150\u20ac kuljetuksista, lis\u00e4ksi 70\u20ac\/henkil\u00f6 kansallispuistomaksua<\/li>\n<li>Flamingoj\u00e4rvi Elmenteita ja sen l\u00e4heinen Sleeping Warrior -patikkavuori ovat p\u00e4iv\u00e4retken arvoisia.<\/li>\n<li>Safari Masai Maraan (suositus ainakin yksi y\u00f6pyminen) majoituksesta, sesongista ja osanottajam\u00e4\u00e4r\u00e4st\u00e4 riippuen alkaen 500\u20ac.<\/li>\n<li>Vierailu esikoululle, koululle, orpokotiin<\/li>\n<\/ul>\n","protected":false},"excerpt":{"rendered":"<p>Tervetuloa Naivashalle! El\u00e4v\u00e4inen, aito, v\u00e4rik\u00e4s kenialainen pikkukaupunki. Kaikki on k\u00e4velyet\u00e4isyydell\u00e4 ja paikalliset ovat avuliaita. \u2026tosin yksi huippuel\u00e4myksist\u00e4 lomallasi saattaa my\u00f6s olla paikallisen mopotaksin k\u00e4ytt\u00f6. L\u00e4hiymp\u00e4rist\u00f6 tarjoaa monia aktiviteetteja; patikointretket Mount Longonotille ja Mount Suswalle \u2013 huikeat maisemat ovat vailla vertaansa. Veneretket Naivashaj\u00e4rvelle tuovat monipuolisen linnuston l\u00e4helle \u2013 Keniassahan on tehty lintubongauksen maailmanenn\u00e4tys per vuorokausi! Naivashaj\u00e4rvi [&hellip;]<\/p>\n","protected":false},"author":1,"featured_media":0,"parent":0,"menu_order":0,"comment_status":"closed","ping_status":"closed","template":"","meta":{"footnotes":""},"class_list":["post-181","page","type-page","status-publish","hentry","post"],"aioseo_notices":[],"_links":{"self":[{"href":"https:\/\/aloeparknaivasha.com\/index.php\/wp-json\/wp\/v2\/pages\/181","targetHints":{"allow":["GET"]}}],"collection":[{"href":"https:\/\/aloeparknaivasha.com\/index.php\/wp-json\/wp\/v2\/pages"}],"about":[{"href":"https:\/\/aloeparknaivasha.com\/index.php\/wp-json\/wp\/v2\/types\/page"}],"author":[{"embeddable":true,"href":"https:\/\/aloeparknaivasha.com\/index.php\/wp-json\/wp\/v2\/users\/1"}],"replies":[{"embeddable":true,"href":"https:\/\/aloeparknaivasha.com\/index.php\/wp-json\/wp\/v2\/comments?post=181"}],"version-history":[{"count":4,"href":"https:\/\/aloeparknaivasha.com\/index.php\/wp-json\/wp\/v2\/pages\/181\/revisions"}],"predecessor-version":[{"id":334,"href":"https:\/\/aloeparknaivasha.com\/index.php\/wp-json\/wp\/v2\/pages\/181\/revisions\/334"}],"wp:attachment":[{"href":"https:\/\/aloeparknaivasha.com\/index.php\/wp-json\/wp\/v2\/media?parent=181"}],"curies":[{"name":"wp","href":"https:\/\/api.w.org\/{rel}","templated":true}]}}